n c(w) is divided by 13?
12
Let v be (10 + -2)/(32/8). Suppose -3 = -f, v*w - 4*f = -0*f. Suppose -3*b = 4*n - 42, 8 = -2*b - 3*n + 37. What is the remainder when b is divided by w?
4
Suppose 3*c + 4*m = 178, 4*c + 5*m + 289 = 8*c. Suppose c = -4*t + 518. Calculate the remainder when t is divided by 34.
11
Let i(p) = 24*p**2 + 3*p + 2. Let f(b) = b + 1. Let v(z) = -6*f(z) + i(z). Calculate the remainder when v(-1) is divided by 14.
9
Let k = 97 + -68. Let t(d) = 2*d**2. What is the remainder when k is divided by t(-2)?
5
Suppose 5*d = 2*i + 18, 5*i = -6*d + d - 10. What is the remainder when ((-1 + 0)*d)/(3/(-27)) is divided by 2*(-1 - -6) + 0?
8
Let l = 69 + -69. Suppose -i - 5*z + 72 = l, -4*i - 3*z - 2*z + 333 = 0. Calculate the remainder when i is divided by 8.
7
Let o = 9 - 5. Suppose o*l + l = 30. Suppose 2*v + 0*v - 18 = 0. What is the remainder when v is divided by l?
3
What is the remainder when 115 is divided by 4 - (2 - ((-112)/(-2) + 1))?
56
Let n(i) = 27*i**2 - 27*i + 60. What is the remainder when n(2) is divided by 49?
16
Let u(t) = -35*t - 721. Calculate the remainder when 146 is divided by u(-21).
6
Suppose 3*v - b - 107 = -0*b, -3*b + 12 = 0. Calculate the remainder when 107 is divided by v.
33
Suppose -4*n + k = -205, 4*n - 150 = n + 2*k. Suppose 6*u - n = 68. Calculate the remainder when 76 is divided by u.
16
Suppose 4*j - 1030 = 8*b - 5*b, -775 = -3*j + b. What is the remainder when j is divided by 13?
12
Suppose 2*q = -0*q + 4. Suppose 4*y + 0 = -c + 1, 0 = -q*c + 4*y + 2. What is the remainder when 1 is divided by c?
0
Let h(n) = 6*n**3 + 24*n**2 - 3*n - 10. Calculate the remainder when 79 is divided by h(-4).
1
Let a = -2962 + 2989. What is the remainder when (-1566)/(-15) + 4/(-10) is divided by a?
23
Let n(x) = x**3 + 4*x**2 - 5*x + 2. Let b be n(-5). Suppose -4*z = -b*z - 52. Calculate the remainder when z is divided by 1890/(-441)*(-14)/4.
11
Suppose -4*o - o = -15. Suppose 0*i = o*i - 30. Let r = -392 + 399. Calculate the remainder when i is divided by r.
3
Suppose 196 = 6*d + d. Let l = d + -14. What is the remainder when 55 is divided by l?
13
Let z(x) = 9*x + 156. Calculate the remainder when 85 is divided by z(-12).
37
Let m(v) = v**2 - 9*v - 11. Suppose 417 = 2*x + 123. What is the remainder when x is divided by m(-3)?
22
Let r = 492 + -485. Calculate the remainder when 21 is divided by r.
0
Let s be ((-10)/(-15) + -4)*9/(-15). Suppose 5*x - 3*x = 0. Suppose 0 = -x*b + s*b - 46. What is the remainder when 44 is divided by b?
21
Suppose 3*k - 23 = -6*d + 2*d, 0 = -d + k - 3. Suppose i + 2*j = 6, 0 = 3*j + 5 - d. Calculate the remainder when 37 is divided by i.
5
Let i(u) = -5*u - 42. Let x be 1/((-1)/2) + -1 - 8. Let v = 30 - -20. Calculate the remainder when v is divided by i(x).
11
Let g be 10/(-45) + (-11)/(-9). Suppose u - 2 = 3*m, -2*u + 0*m = -m - 19. What is the remainder when (g/1)/(-2 - 441/(-217)) is divided by u?
9
Let q(p) = -4*p + 7. Let f be q(-16). What is the remainder when f/((-9)/36 - 3/(-4)) is divided by 24?
22
Let a = 1027 + -964. What is the remainder when 215 is divided by a?
26
Let r(o) = 5*o + 12 - o**2 + 10 - 23. Let t be r(3). What is the remainder when ((-16)/t)/(3/(-45)) is divided by 17?
14
What is the remainder when (-6 - -7) + (556 - (-24)/4) is divided by 71?
66
Let q(d) = d**3 - 16*d**2 - 17*d + 4. Let o be q(18). Suppose -13*m + o = -11*m. Calculate the remainder when m is divided by 16.
13
Suppose -5*o = 4*q - 113, 2*q = -2*q + o + 131. Suppose 3*t = 68 - q. Suppose 0 = -11*i + t*i - 17. What is the remainder when i is divided by 10?
7
Let w = -69 - -120. Let o = 78 - w. Calculate the remainder when o is divided by 14.
13
Let v = -13 + 34. Suppose 0 = 3*k - 0*k - v. Suppose 4*r + 4*d = 3*d + 40, 0 = -3*r + 5*d + k. Calculate the remainder when 25 is divided by r.
7
Let g = -1 + 5. Suppose g*k + 19 - 67 = 4*b, -4*b + 105 = 5*k. Suppose 1 = -3*v + 16. Calculate the remainder when k is divided by v.
2
Suppose -100 + 448 = 5*w + x, 2*w + 3*x - 147 = 0. Calculate the remainder when w is divided by 9.
6
Suppose 883 = 30*x - 467. What is the remainder when 220 is divided by x?
40
Suppose -889*n + 865*n = -3432. Calculate the remainder when 439 is divided by n.
10
Suppose 5*a + 14*t - 12*t = 26, -t = -3. Suppose 4 - 179 = -5*k. Calculate the remainder when k is divided by a.
3
Let p be 21/3 - 1/(-1). What is the remainder when 13 is divided by (-1)/(((-2)/p)/((-98)/(-56)))?
6
Suppose -5*k - 380 = -5*f, -5*f + 178 = -k - 222. Let y(c) = 42*c - 1911. Calculate the remainder when f is divided by y(46).
18
Suppose -i + 12 = 2*r, 3*i + 29 - 5 = 4*r. Let b(k) = -k + 13. Calculate the remainder when b(r) is divided by 4.
3
Suppose -1269*i = -1279*i + 210. Calculate the remainder when 262 is divided by i.
10
Suppose -7 + 2 = -c - 2*w, w - 2 = -c. Calculate the remainder when 44 is divided by ((-2)/c)/((-14)/(-63)).
8
Let v be ((-12)/(-15))/((7/20)/(-7)). Let n(m) = m**2 + 8*m - 22. Calculate the remainder when n(v) is divided by 37.
32
Let h(c) = 15*c**3 + 19*c**2 - 8*c + 3. Let m(f) = 7*f**3 + 9*f**2 - 4*f + 1. Let i(t) = 6*h(t) - 13*m(t). Calculate the remainder when 59 is divided by i(-4).
4
Let u(s) = 9*s**2 + 4*s - 1. Suppose -4 - 2 = 3*t. What is the remainder when u(t) is divided by 7?
6
Suppose 10*k - 3*k = 28. Suppose 10*t - 9*t = k. What is the remainder when 25 is divided by t?
1
Let c be (-21 + 7)*11*1. Let p = -48 - c. Let s = -63 + p. Calculate the remainder when s is divided by 11.
10
Suppose -5*z = -2*a, -a + 4*a + 2*z = 0. Suppose a*k = k - 41. Suppose 4*s = -5*w + 20 + 67, -w + s = -12. Calculate the remainder when k is divided by w.
11
Let r = 17 + -15. Let h(x) = 12*x + 7*x - 2 - r. What is the remainder when h(3) is divided by 14?
11
Let d(o) = -o**3 + 9*o + 2. Let f be d(-3). Suppose f*x - 2*n + 5*n - 79 = 0, -n = -5*x + 240. Calculate the remainder when x is divided by 6.
5
Calculate the remainder when 0/(-1) - (37 - 300) is divided by 19.
16
Suppose 8 = 4*k - 16. Suppose -21*q + 22*q - 6 = 4*t, 5*q + 4*t = 6. Calculate the remainder when k is divided by q.
0
Let w = -783 + 877. Calculate the remainder when 1407 is divided by w.
91
Let u(a) = a**2 - 4. Let r be u(3). Suppose -4*k - 15 = r. What is the remainder when ((-658)/70)/(1/k) is divided by 12?
11
Suppose 2*s = 5*q - 1, 9 + 12 = -3*s + q. Let i(h) = h - 2. Let t be i(s). Let z = 1 - t. Calculate the remainder when z is divided by 4.
3
Calculate the remainder when 500/40*(-2 + (-34)/(-5)) is divided by 16.
12
Let u = 1363 + -1338. What is the remainder when 339 is divided by u?
14
Let t(h) = h**3 + 8*h**2 + 6*h. Let p be 46 + (4 - 0 - 5). Let m = 64 - p. What is the remainder when m is divided by t(-7)?
5
Let g = -536 + 550. Calculate the remainder when 293 is divided by g.
13
Let k(z) = z**2 + 13*z - 12. Let a be k(-14). Let y(l) = l - a + 2*l - l - 4*l. Calculate the remainder when y(-4) is divided by 2.
0
Suppose -9*v + 8*v = -5*z + 350, 3*v - 228 = -3*z. Calculate the remainder when 140 is divided by z.
69
Let i(l) = -4*l**2 - 8*l. Let y(h) = -h**2 - 2*h. Let s(k) = -6*i(k) + 22*y(k). Calculate the remainder when s(-5) is divided by 8.
6
Let m = -287 + 305. Let l = -87 - -139. Calculate the remainder when l is divided by m.
16
Suppose g + 10 = 3*b, 5*g + 3*b = -b + 26. Suppose g = m + 2*s, 2*m + 2*m - 28 = -4*s. Calculate the remainder when 119 is divided by m.
11
Suppose -3*a = -v + 6*v - 61, -2*v = -4*a + 90. Suppose -160*x + 21770 = 4650. Calculate the remainder when x is divided by a.
19
Let q(y) = y**3 - 8*y**2 - y + 6. Let b be q(8). Let d(n) = 12*n**2 - n + 1. Calculate the remainder when (b - -1) + 48 + -2 is divided by d(1).
9
Suppose -3*x = 0, -2*f = 7*x - 5*x - 6. Let g(h) = -2*h**2 + 3*h + 3. Let z be g(f). Calculate the remainder when 57 is divided by -4 - 11*(z - -3).
28
Let v(m) be the third derivative of 2/15*m**5 - 1/120*m**6 + 0 - 6*m**2 + 0*m + 1/3*m**3 - 1/4*m**4. Calculate the remainder when v(7) is divided by 2.
1
Suppose 2015 = -41*c + 9395. What is the remainder when c is divided by 14?
12
Suppose -14*f - 16257 = -46329. Calculate the remainder when f is divided by 10.
8
Suppose 2*p = u + 128, 5*p - 5*u - 185 = 145. Let s = -27 - -38. Calculate the remainder when p is divided by 